{"id":1631,"date":"2011-06-28T13:29:09","date_gmt":"2011-06-28T12:29:09","guid":{"rendered":"https:\/\/www.reneenicoux.fr\/?page_id=1631"},"modified":"2011-06-28T13:29:09","modified_gmt":"2011-06-28T12:29:09","slug":"mentions-legales","status":"publish","type":"page","link":"https:\/\/www.reneenicoux.fr\/?page_id=1631","title":{"rendered":"Mentions l\u00e9gales"},"content":{"rendered":"<p>Ce site est \u00e9dit\u00e9 par Ren\u00e9e NICOUX, S\u00e9nateur de la Creuse.<br \/>\nRen\u00e9e NICOUX est directrice de la publication de ce site.<\/p>\n<p><em>Permanence parlementaire<\/em><br \/>\n64 Avenue Louis Laroche &#8211; 23000 GUERET<br \/>\nTel 05 55 51 00 00<\/p>\n<p><strong>Informations techniques<\/strong><br \/>\nR\u00e9alisation interne sur la plateforme WordPress (logiciel libre) sur une base de th\u00e8me modifi\u00e9 VijayaRajesh WPCMS 1.0 par VijayaRajesh.<br \/>\nH\u00e9bergement chez OVH \u2013 140, quai du Sartel \u2013 59100 Roubaix<\/p>\n<p><strong>Loi informatique et libert\u00e9<\/strong><br \/>\nEn application de la loi n\u00b0 78-17 du 6 janvier 1978 relative \u00e0 l\u2019informatique, aux fichiers et aux libert\u00e9s, vous disposez des droits d\u2019opposition, d\u2019acc\u00e8s et de rectification des donn\u00e9es vous concernant. Nous nous engageons \u00e0 ne pas communiquer ces donn\u00e9es \u00e0 des tiers. Si vous souhaitez exercer votre droit de modification ou de suppression, il vous suffit d\u2019\u00e9crire \u00e0 l\u2019\u00e9diteur du site en indiquant vos noms, pr\u00e9noms, adresse, adresses e-mail afin qu\u2019il puisse faire le n\u00e9cessaire dans les meilleurs d\u00e9lais. Vous pouvez exercer cette demande aupr\u00e8s de Ren\u00e9e NICOUX, par \u00e9crit \u00e0 l\u2019adresse indiqu\u00e9e en haut de cette page ou par mail \u2013 voir la rubrique \u00ab <a href=\"https:\/\/www.reneenicoux.fr\/?page_id=5\">Contact<\/a> \u00bb<\/p>\n<p style=\"text-align: justify;\"><strong>Mod\u00e9ration<\/strong><br \/>\nLes \u00e9ventuels commentaires diffus\u00e9s sont mod\u00e9r\u00e9s \u00e0 priori. Les internautes doivent indiquer leur nom et une adresse courriel valide. Les commentaires anonymes ou pseudo ne seront pas publi\u00e9s. Nous nous r\u00e9servons le droit de ne pas publier les commentaires jug\u00e9s diffamants notamment. Les adresses IP des internautes s\u2019\u00e9tant connect\u00e9s ou ayant d\u00e9pos\u00e9s des commentaires sont conserv\u00e9es par la plateforme.<\/p>\n","protected":false},"excerpt":{"rendered":"<p>Ce site est \u00e9dit\u00e9 par Ren\u00e9e NICOUX, S\u00e9nateur de la Creuse. Ren\u00e9e NICOUX est directrice de la publication de ce site. Permanence parlementaire 64 Avenue Louis Laroche &#8211; 23000 GUERET Tel 05 55 51 00 00 Informations techniques R\u00e9alisation interne sur la plateforme WordPress (logiciel libre) sur une base de th\u00e8me modifi\u00e9 VijayaRajesh WPCMS 1.0 [&hellip;]<\/p>\n","protected":false},"author":9,"featured_media":0,"parent":0,"menu_order":0,"comment_status":"closed","ping_status":"closed","template":"","meta":{"footnotes":""},"class_list":["post-1631","page","type-page","status-publish","hentry"],"_links":{"self":[{"href":"https:\/\/www.reneenicoux.fr\/index.php?rest_route=\/wp\/v2\/pages\/1631","targetHints":{"allow":["GET"]}}],"collection":[{"href":"https:\/\/www.reneenicoux.fr\/index.php?rest_route=\/wp\/v2\/pages"}],"about":[{"href":"https:\/\/www.reneenicoux.fr\/index.php?rest_route=\/wp\/v2\/types\/page"}],"author":[{"embeddable":true,"href":"https:\/\/www.reneenicoux.fr\/index.php?rest_route=\/wp\/v2\/users\/9"}],"replies":[{"embeddable":true,"href":"https:\/\/www.reneenicoux.fr\/index.php?rest_route=%2Fwp%2Fv2%2Fcomments&post=1631"}],"version-history":[{"count":1,"href":"https:\/\/www.reneenicoux.fr\/index.php?rest_route=\/wp\/v2\/pages\/1631\/revisions"}],"predecessor-version":[{"id":1632,"href":"https:\/\/www.reneenicoux.fr\/index.php?rest_route=\/wp\/v2\/pages\/1631\/revisions\/1632"}],"wp:attachment":[{"href":"https:\/\/www.reneenicoux.fr\/index.php?rest_route=%2Fwp%2Fv2%2Fmedia&parent=1631"}],"curies":[{"name":"wp","href":"https:\/\/api.w.org\/{rel}","templated":true}]}}