{"id":436,"date":"2010-07-02T10:37:33","date_gmt":"2010-07-02T09:37:33","guid":{"rendered":"https:\/\/www.reneenicoux.fr\/?page_id=436"},"modified":"2010-07-02T10:49:13","modified_gmt":"2010-07-02T09:49:13","slug":"la-creuse","status":"publish","type":"page","link":"https:\/\/www.reneenicoux.fr\/?page_id=436","title":{"rendered":"La Creuse"},"content":{"rendered":"<p>La Creuse, un territoire rural historique.<br \/>\nL&rsquo;histoire est ce qui marque le plus la personnalit\u00e9 de ce pays  creusois. \u00c0 travers la migration des ma\u00e7ons de la Creuse et plus  g\u00e9n\u00e9ralement de ses forces vives, elle a contribu\u00e9 \u00e0 construire la  France historique.<\/p>\n<p>Aujourd&rsquo;hui d\u00e9partement le plus \u00e2g\u00e9 de France, confront\u00e9 \u00e0 des  probl\u00e8mes de d\u00e9sertification, la Creuse n&rsquo;en demeure pas moins un  territoire attractif gr\u00e2ce \u00e0 son\u00a0environnement pr\u00e9serv\u00e9 et un  \u00a0patrimoine b\u00e2ti de qualit\u00e9 . Territoire rural, pour moiti\u00e9 class\u00e9 en  zone de montagne, la situation g\u00e9ographique de ce d\u00e9partement a conduit  ses habitants \u00e0 migrer. Durant plusieurs si\u00e8cles, la Creuse\u00a0a \u00e9t\u00e9\u00a0terre  d&rsquo;\u00e9migration et est connue pour ses fameux \u00ab\u00a0ma\u00e7ons\u00a0\u00bb, un terme g\u00e9n\u00e9rique  qui englobe\u00a0 aussi\u00a0 charpentiers, terrassiers,\u00a0peintres en b\u00e2timent ou  encore paveurs,\u00a0qui ont contribu\u00e9 \u00e0 la construction des grandes  m\u00e9tropoles fran\u00e7aises comme Paris ou Lyon. Certains d&rsquo;entre\u00a0eux ont \u00e9t\u00e9 \u00e0  l&rsquo;origine de grandes entreprises du b\u00e2timent parmi lesquelles  l&rsquo;entreprise Fougerolles , par exemple, devenue EIFFAGE.<\/p>\n<p>Cette tradition de b\u00e2tisseurs a conduit en 1911\u00a0\u00e0\u00a0la cr\u00e9ation \u00e0  Felletin de l&rsquo;Ecole des m\u00e9tiers du b\u00e2timent, aujourd&rsquo;hui Lyc\u00e9e, destin\u00e9e  \u00e0 former aux diff\u00e9rents m\u00e9tiers du b\u00e2timent non seulement les jeunes  Limousins, mais aussi les jeunes issus de toutes les r\u00e9gions de France.<\/p>\n<p>De leur migration \u00e0 travers la France, les ouvriers creusois ont  acquis et perfectionn\u00e9 leurs savoir-faire dans le domaine de la  construction , ce qui se traduit aujourd&rsquo;hui dans la qualit\u00e9 du  patrimoine b\u00e2ti dont nous sommes les h\u00e9ritiers.<\/p>\n<p>Il est un autre domaine dans lequel la Creuse excelle par la qualit\u00e9  de son savoir-faire, il s&rsquo;agit de la tapisserie,\u00a0 qui vient  d&rsquo;\u00eatre\u00a0\u00a0reconnue <strong>patrimoine immat\u00e9riel\u00a0de l&rsquo;humanit\u00e9 par l&rsquo;UNESCO<\/strong>.  Cette reconnaissance est un atout sur lequel la communaut\u00e9 de communes  Aubusson-Felletin va pouvoir s&rsquo;appuyer pour porter le projet de \u00ab\u00a0Cit\u00e9 de  la tapisserie\u00a0\u00bb dont l&rsquo;objectif est \u00e0 la fois\u00a0de redynamiser cet art  textile de renomm\u00e9e mondiale et de proposer un espace d&rsquo;exposition plus  vaste que l&rsquo;actuel mus\u00e9e.<\/p>\n<p>Ce patrimoine creusois est aujourd&rsquo;hui un patrimoine \u00e0 faire  fructifier, \u00e0 conserver, \u00e0 entretenir, et faire conna\u00eetre.<br \/>\nMais tout autant qu&rsquo;une terre de patrimoine, la Creuse est aussi le pays  des grands espaces et de l&rsquo;\u00e9levage qui constitue le premier pilier de  notre \u00e9conomie locale. Une attention toute particuli\u00e8re doit \u00eatre port\u00e9e  \u00e0 ce secteur d&rsquo;activit\u00e9 sur laquelle repose l&rsquo;am\u00e9nagement de notre  territoire. De la taille des exploitations, de leur capacit\u00e9 \u00e0 produire  des produits de qualit\u00e9 et \u00e0 les commercialiser \u00e0\u00a0un prix qui leur  permet de vivre d\u00e9cemment, d\u00e9pend le maillage de notre d\u00e9partement,  l&rsquo;entretien de notre environnement\u00a0et le maintien de l&rsquo;activit\u00e9 dans les  bourgs. Jusqu&rsquo;\u00e0 maintenant, la Creuse a su travailler pour un  d\u00e9veloppement durable et une pr\u00e9servation de la biodiversit\u00e9, pour une  meilleure harmonie entre l&rsquo;homme et la nature qui l&rsquo;entoure .<\/p>\n<p>Cette qu\u00eate de nature s&rsquo;est r\u00e9alis\u00e9e par exemple avec la cr\u00e9ation  d&rsquo;un parc aux loups sur la communaut\u00e9 de communes\u00a0de Gu\u00e9ret-Saint  Vaury\u00a0pour r\u00e9introduire l&rsquo;esp\u00e8ce en semi-libert\u00e9.<br \/>\nIl faut ajouter que la Creuse a su mettre au point des projets de  d\u00e9veloppement durable pour une dynamisation du territoire qui ne soit  pas en contradiction avec les int\u00e9r\u00eats des g\u00e9n\u00e9rations futures. C&rsquo;est  ainsi qu&rsquo;ont \u00e9t\u00e9 cr\u00e9\u00e9es des entreprises utilisant par exemple l&rsquo;\u00e9nergie  biomasse comme sur la commune de Bourganeuf, ou encore une unit\u00e9 de  cog\u00e9n\u00e9ration comme \u00e0 Felletin.<\/p>\n<p>De la vieillesse dont le d\u00e9partement se fait le champion, et est sans  doute le pr\u00e9curseur, nous mettons en place un plate forme de recherche  sur la domotique au service du vieillissement, signe que l&rsquo;on peut  conjuguer grand \u00e2ge et modernisme.<\/p>\n","protected":false},"excerpt":{"rendered":"<p>La Creuse, un territoire rural historique. L&rsquo;histoire est ce qui marque le plus la personnalit\u00e9 de ce pays creusois. \u00c0 travers la migration des ma\u00e7ons de la Creuse et plus g\u00e9n\u00e9ralement de ses forces vives, elle a contribu\u00e9 \u00e0 construire la France historique. Aujourd&rsquo;hui d\u00e9partement le plus \u00e2g\u00e9 de France, confront\u00e9 \u00e0 des probl\u00e8mes de [&hellip;]<\/p>\n","protected":false},"author":5,"featured_media":0,"parent":2,"menu_order":0,"comment_status":"closed","ping_status":"closed","template":"","meta":{"footnotes":""},"class_list":["post-436","page","type-page","status-publish","hentry"],"_links":{"self":[{"href":"https:\/\/www.reneenicoux.fr\/index.php?rest_route=\/wp\/v2\/pages\/436","targetHints":{"allow":["GET"]}}],"collection":[{"href":"https:\/\/www.reneenicoux.fr\/index.php?rest_route=\/wp\/v2\/pages"}],"about":[{"href":"https:\/\/www.reneenicoux.fr\/index.php?rest_route=\/wp\/v2\/types\/page"}],"author":[{"embeddable":true,"href":"https:\/\/www.reneenicoux.fr\/index.php?rest_route=\/wp\/v2\/users\/5"}],"replies":[{"embeddable":true,"href":"https:\/\/www.reneenicoux.fr\/index.php?rest_route=%2Fwp%2Fv2%2Fcomments&post=436"}],"version-history":[{"count":5,"href":"https:\/\/www.reneenicoux.fr\/index.php?rest_route=\/wp\/v2\/pages\/436\/revisions"}],"predecessor-version":[{"id":453,"href":"https:\/\/www.reneenicoux.fr\/index.php?rest_route=\/wp\/v2\/pages\/436\/revisions\/453"}],"up":[{"embeddable":true,"href":"https:\/\/www.reneenicoux.fr\/index.php?rest_route=\/wp\/v2\/pages\/2"}],"wp:attachment":[{"href":"https:\/\/www.reneenicoux.fr\/index.php?rest_route=%2Fwp%2Fv2%2Fmedia&parent=436"}],"curies":[{"name":"wp","href":"https:\/\/api.w.org\/{rel}","templated":true}]}}